-25*w**3 + 201*w**2 + 149*w - 1217. Determine s(8).
39
Let s(c) = -c**2 - 13458*c + 865419. Determine s(64).
11
Let q(m) = 245*m + 1919. What is q(-9)?
-286
Let n(j) = 7045*j - 2064172. Calculate n(293).
13
Let t(d) = -658*d + 39143. Give t(57).
1637
Let z(j) = -16*j**2 + 1350*j + 95953. Give z(-46).
-3
Let w(a) = 6213*a - 62071. Calculate w(10).
59
Let o(p) = -p**3 - 7*p**2 + 430*p + 4054. What is o(-10)?
54
Let y(t) = -1565*t - 131421. Determine y(-84).
39
Let k(y) = -680*y**2 + 674*y - 9. Determine k(1).
-15
Let q(z) = 11*z**3 + 18*z**2 - 286*z - 1751. Determine q(-6).
-1763
Let b(t) = 3*t**3 + t**2 + 212*t + 881. What is b(-4)?
-143
Let g(c) = 10*c**3 - 76*c**2 - 488*c + 3707. Determine g(7).
-3
Let b(w) = 12687*w**2 - 126857*w - 114. Determine b(10).
16
Let x(t) = 1332*t + 716626. Calculate x(-538).
10
Let v(q) = -25*q**2 + 767*q - 4393. Determine v(9).
485
Let r(c) = -2*c**2 + 345*c - 14818. What is r(92)?
-6
Let w(b) = -263*b**2 - 80*b + 224. What is w(3)?
-2383
Let t(y) = -y**3 + 256*y**2 - 148*y - 27104. Give t(255).
181
Let w(q) = -200*q - 13486. Calculate w(-67).
-86
Let h(z) = -4*z**3 + 320*z + 1324. Give h(-4).
300
Let o(v) = 22288*v - 1560171. Give o(70).
-11
Let i(a) = a**2 - 10473*a - 146827. Determine i(-14).
-9
Let m(y) = -129*y**2 + 742*y + 1045. Calculate m(7).
-82
Let y(c) = c**2 - 233*c + 224. What is y(0)?
224
Let y(o) = -120*o**2 - o + 58. Give y(2).
-424
Let y(a) = -2*a**3 - 2*a**2 - 34*a + 155. Determine y(3).
-19
Let w(a) = 722*a - 67304. What is w(93)?
-158
Let b(q) = 753*q**2 + 4473*q - 110. Calculate b(-6).
160
Let n(o) = -178*o**2 - 68*o + 255. Calculate n(4).
-2865
Let s(z) = -19*z**3 + 10*z**2 - 390*z - 1200. Calculate s(-3).
573
Let z(n) = -2*n**3 - 163*n**2 - 821*n - 14. What is z(-5)?
266
Let a(j) = j**3 - 87*j**2 - 1261*j - 53. Determine a(-12).
823
Let b(j) = -10597*j - 149192. Calculate b(-14).
-834
Let p(q) = 6*q + 1984. Give p(-34).
1780
Let n(p) = -56*p**2 + 372*p + 1131. What is n(-3)?
-489
Let h(g) = 265000*g - 2650000. What is h(10)?
0
Let y(j) = -141*j**2 - 2447*j + 271. What is y(-17)?
1121
Let r(d) = 101*d**2 - 45*d + 16. What is r(4)?
1452
Let s(o) = -o**2 + 1070*o + 13934. What is s(-13)?
-145
Let l(p) = -3*p**3 + 21*p**2 - 1053*p + 7395. Determine l(7).
24
Let s(o) = -o**2 - 93*o - 7430. Calculate s(-75).
-6080
Let u(p) = 734*p + 198174. Calculate u(-270).
-6
Let q(s) = -6*s**2 - 1156*s - 9545. Determine q(-184).
23
Let c(g) = -11197*g - 43992. Determine c(-4).
796
Let r(h) = 3273*h + 51212. Give r(-17).
-4429
Let m(y) = -5*y**2 - 1206*y - 7065. Determine m(-6).
-9
Let i(t) = -8*t**3 - 242*t**2 + 12*t + 2322. What is i(-30)?
162
Let c(f) = -f**3 + 4013*f**2 - 28039*f - 11. Calculate c(7).
10
Let h(x) = -54*x**2 - 9879*x + 638. Calculate h(-183).
89
Let d(s) = 45*s + 852. Calculate d(0).
852
Let p(c) = 7*c**2 - 2860*c - 20135. What is p(-7)?
228
Let d(v) = v**2 + 82557*v - 577901. Calculate d(7).
47
Let g(l) = l**3 + 27*l**2 + 242*l + 6566. Calculate g(-27).
32
Let o(x) = -2315*x + 611052. Determine o(264).
-108
Let w(i) = -i**2 - 13*i - 357. Calculate w(22).
-1127
Let t(m) = -5522*m + 844852. Calculate t(153).
-14
Let w(s) = 946*s - 5673. Give w(6).
3
Let f(n) = -6*n**2 + 430*n - 5580. Give f(17).
-4
Let h(d) = -4799*d**2 - 67243*d - 782. Give h(-14).
16
Let k(z) = 1993*z - 838. What is k(0)?
-838
Let y(i) = 67*i**3 - 828*i**2 + 287*i + 7. What is y(12)?
-5
Let l(v) = -22*v**2 + 2313*v - 315. Determine l(105).
0
Let u(b) = -3*b**3 - 2*b**2 + 34*b + 104. What is u(-3)?
65
Let a(i) = 51*i**2 - 1379*i + 14. Calculate a(27).
-40
Let y(n) = 7*n**2 - 1704*n - 13763. Give y(-8).
317
Let f(k) = -318747*k - 637491. What is f(-2)?
3
Let a(l) = 12918*l - 232517. What is a(18)?
7
Let n(r) = r**3 + 52*r**2 - 12*r - 1020. What is n(-52)?
-396
Let v(l) = l**2 + 597*l + 16801. Give v(-29).
329
Let v(t) = 22*t**2 - 1684*t - 380. Determine v(77).
390
Let t(c) = -c**3 + 52*c**2 - 151*c + 509. Determine t(49).
313
Let a(k) = 50*k**2 - 527*k - 2120. Calculate a(-4).
788
Let q(g) = 343144*g - 9264872. Determine q(27).
16
Let t(u) = u**3 - 75*u**2 + 209*u - 9985. Calculate t(74).
5
Let s(k) = 61*k**2 + 804*k - 5057. Determine s(6).
1963
Let c(g) = g**3 + 98*g**2 - 3029*g - 29762. What is c(-121)?
4
Let s(o) = -194*o**2 - 155757*o + 20076. Give s(-803).
1
Let j(c) = 2*c**3 - 118*c**2 + 291*c + 2521. Give j(56).
1
Let d(n) = 8*n**2 - 30*n - 103. Give d(-11).
1195
Let o(d) = 1513*d - 15199. What is o(9)?
-1582
Let l(a) = -8*a**2 - 71387*a - 214156. What is l(-3)?
-67
Let o(z) = 9*z**2 + 606*z - 6936. Give o(10).
24
Let a(u) = -u**2 - 779*u + 39721. Calculate a(48).
25
Let q(p) = 30*p**2 - 76*p + 93. What is q(8)?
1405
Let z(n) = 27*n**3 + 30*n**2 - 727*n - 1449. Give z(-2).
-91
Let t(s) = 277*s**2 + 59568*s + 2805. Give t(-215).
10
Let c(o) = 66*o**2 + 7714*o + 61. Give c(-117).
997
Let c(u) = -13*u**2 + 171*u - 686. What is c(4)?
-210
Let c(b) = -3*b**2 + 486*b - 14395. What is c(39)?
-4
Let d(i) = 1257*i**3 + 28*i**2 - 4*i - 3. What is d(-1)?
-1228
Let b(g) = -2*g**3 + 16*g**2 - 15454*g + 123703. Calculate b(8).
71
Let i(b) = 449*b**2 + 30976*b - 12. Give i(-69).
333
Let y(b) = b**3 + 33*b**2 - 242*b + 1526. Determine y(-40).
6
Let h(l) = -5*l**3 + 5*l**2 + 47*l - 195. What is h(5)?
-460
Let c(l) = 526*l - 194118. Give c(369).
-24
Let u(y) = 2*y**3 - 522*y**2 + 11816*y - 404. Give u(25).
-4
Let k(l) = 83298*l + 333228. Determine k(-4).
36
Let u(m) = -7*m**3 + 151*m**2 + 99*m - 727. Give u(22).
-1
Let p(s) = -58566*s + 1757047. What is p(30)?
67
Let h(s) = -s**3 + 20*s**2 + 77*s - 1517. Determine h(20).
23
Let n(y) = 21*y**3 - 5*y**2 - 44*y - 64. Determine n(-2).
-164
Let v(m) = 4*m**2 + 350*m + 1542. Calculate v(-83).
48
Let d(g) = 2*g**3 + 45*g**2 + 19*g + 182. Determine d(-22).
248
Let l(r) = 3*r**2 + 537*r - 4833. What is l(9)?
243
Let l(d) = 577857*d + 11557144. Calculate l(-20).
4
Let a(g) = -g**3 - 16*g**2 - 1055*g - 14382. Determine a(-14).
-4
Let g(u) = -621*u**3 - 3*u**2 + 31*u + 34. What is g(-1)?
621
Let l(j) = -j**3 + 65*j**2 + 184*j + 993. Give l(68).
-367
Let w(p) = 258*p + 7804. Give w(-30).
64
Let d(i) = -5119*i - 153630. Give d(-30).
-60
Let m(l) = -l**2 + 1752*l - 664924. Give m(556).
52
Let f(r) = -951*r - 3217. Calculate f(-5).
1538
Let m(g) = -1292*g - 46617. What is m(-36)?
-105
Let y(x) = x**3 - 4*x**2 + 55*x - 357. Determine y(6).
45
Let b(r) = 2259*r - 225875. Determine b(100).
25
Let s(b) = 965*b**2 - 975*b + 975. Give s(1).
965
Let u(x) = 119*x**3 - 10*x**2 - 1006*x + 1015. Calculate u(1).
118
Let c(y) = 3*y**3 - 124*y**2 - 178*y + 3979. What is c(42)?
31
Let y(r) = 3*r**2 - 341*r - 17904. Give y(-39).
-42
Let a(j) = 2*j**2 - 136*j - 1644. Determine a(76).
-428
Let p(n) = -2*n**3 - 88*n**2 + 168*n - 735. Calculate p(-46).
1
Let z(n) = n**2 + 336*n + 14786. What is z(-52)?
18
Let m(q) = -388*q + 29429. What is m(76)?
-59
Let x(r) = -5768*r + 34484. Determine x(6).
-124
Let g(w) = -82*w**2 - 3270*w + 147. Determine g(-40).
-253
Let f(b) = 28*b**2 + 454*b - 330. Calculate f(-17).
44
Let c(y) = 8180*y - 25297. Determine c(3).
-757
Let o(p) = 218736*p + 656189. What is o(-3)?
-19
Let h(o) = 296*o - 15715. Calculate h(52).
-323
Let h(x) = -x**3 - 100*x**2 - 63*x - 6330. Give h(-100).
-30
Let a(u) = -16*u + 1468. Give a(83).
140
Let q(d) = -9029*d + 45181. Calculate q(5).
36
Let x(i) = 833*i**2 - 323197*i - 2701. Determine x(388).
15
Let a(k) = -k**2 - 2615*k - 388195. What is a(-158)?
11
Let r(a) = 4839*a + 62975. Calculate r(-13).
68
Let s(k) = -136*k - 2692. What is s(-17)?
-380
Let r(u) = -5*u**2 - 352*u + 1558. What is r(4)?
70
Let g(i) = i**3 + 4*i**2 + 22938*i - 91745. Give g(4).
135
Let g(w) = -90*w - 109. What is g(10)?
-1009
Let n(w) = 42515*w. Determine n(0).
0
Let o(f) = 502*f**2 - 2807*f - 1225. Calculate o(6).
5
Let u(w) = -1310*w + 11812. Calculate u(9).
22
Let g(q) = 2*q**3 + 17*q**2 + 3313*q + 23086. Calculate g(-7).
42
Let m(j) = j**3 + 35*j**2 + 390*j + 4063. Calculate m(-26).
7
Let r(c) = -6490*c + 214158. Calculate r(33).
-12
Let o(h) = 112*h**2 + 480*h - 96. Calculate o(-5).
304
Let b(j) = 129*j**3 + 9417*j**2 + 21*j + 1547. Calculate b(-73).
14
Let w(n) = 100*n**2 - 471*n + 22. What is w(5)?
167
Let q(o) = 3*o**3 + 452*o**2 - 1071*o + 8. Calculate q(-153).
8
Let r(y) = 